{"id":113,"date":"2025-06-02T15:13:06","date_gmt":"2025-06-02T13:13:06","guid":{"rendered":"https:\/\/www.akurban.sk\/?page_id=113"},"modified":"2026-01-13T13:14:33","modified_gmt":"2026-01-13T12:14:33","slug":"kontakt","status":"publish","type":"page","link":"https:\/\/www.akurban.sk\/index.php\/kontakt\/","title":{"rendered":"Kontakt"},"content":{"rendered":"\t\t<div data-elementor-type=\"wp-page\" data-elementor-id=\"113\" class=\"elementor elementor-113\" data-elementor-post-type=\"page\">\n\t\t\t\t<div class=\"elementor-element elementor-element-0f92e3c e-flex e-con-boxed e-con e-parent\" data-id=\"0f92e3c\" data-element_type=\"container\">\n\t\t\t\t\t<div class=\"e-con-inner\">\n\t\t\t\t<div class=\"elementor-element elementor-element-0e85ada elementor-widget elementor-widget-heading\" data-id=\"0e85ada\" data-element_type=\"widget\" data-widget_type=\"heading.default\">\n\t\t\t\t<div class=\"elementor-widget-container\">\n\t\t\t\t\t<h2 class=\"elementor-heading-title elementor-size-default\">Kontakt<\/h2>\t\t\t\t<\/div>\n\t\t\t\t<\/div>\n\t\t\t\t<div class=\"elementor-element elementor-element-5c729eb elementor-widget__width-initial elementor-widget elementor-widget-text-editor\" data-id=\"5c729eb\" data-element_type=\"widget\" data-widget_type=\"text-editor.default\">\n\t\t\t\t<div class=\"elementor-widget-container\">\n\t\t\t\t\t\t\t\t\t<p>Chcete sa n\u00e1s \u010doko\u013evek op\u00fdta\u0165 alebo m\u00e1te z\u00e1ujem o individu\u00e1lnu konzult\u00e1ciu? Nev\u00e1hajte sa n\u00e1m ozva\u0165. Radi si s vami dohodneme stretnutie v na\u0161ej advok\u00e1tskej kancel\u00e1rii v Bratislave, alebo Spi\u0161skej Novej Vsi.<\/p>\t\t\t\t\t\t\t\t<\/div>\n\t\t\t\t<\/div>\n\t\t\t\t<div class=\"elementor-element elementor-element-4d7f398 elementor-widget elementor-widget-spacer\" data-id=\"4d7f398\" data-element_type=\"widget\" data-widget_type=\"spacer.default\">\n\t\t\t\t<div class=\"elementor-widget-container\">\n\t\t\t\t\t\t\t<div class=\"elementor-spacer\">\n\t\t\t<div class=\"elementor-spacer-inner\"><\/div>\n\t\t<\/div>\n\t\t\t\t\t\t<\/div>\n\t\t\t\t<\/div>\n\t\t<div class=\"elementor-element elementor-element-e2b481a e-con-full e-flex e-con e-child\" data-id=\"e2b481a\" data-element_type=\"container\">\n\t\t<div class=\"elementor-element elementor-element-68fbc7d e-con-full e-flex e-con e-child\" data-id=\"68fbc7d\" data-element_type=\"container\">\n\t\t\t\t<div class=\"elementor-element elementor-element-1991490 elementor-widget__width-initial kontaktinfo elementor-widget elementor-widget-text-editor\" data-id=\"1991490\" data-element_type=\"widget\" data-widget_type=\"text-editor.default\">\n\t\t\t\t<div class=\"elementor-widget-container\">\n\t\t\t\t\t\t\t\t\t<p><strong>Kancel\u00e1ria Bratislava<\/strong><\/p><p>URBAN advok\u00e1tska kancel\u00e1ria, s.r.o.<br \/>Uhrova 18, 831 01 Bratislava<br \/><span style=\"color: #ff0000;\"><span class=\"red-text\">t<\/span>\u00a0<\/span>\u00a0\u00a0\u00a0<span style=\"color: #999999;\"><a style=\"color: #999999;\" title=\"+421\u00a0907\u00a0764\u00a0932\" href=\"tel:+421907764932\">+421\u00a0907\u00a0764\u00a0932<\/a><\/span><br \/><span class=\"red-text\" style=\"color: #ff0000;\">e<\/span>\u00a0\u00a0\u00a0<span style=\"color: #999999;\">\u00a0<a style=\"color: #999999;\" title=\"d.urban@akurban.sk\" href=\"mailto:d.urban@akurban.sk\">d.urban@akurban.sk<\/a><\/span><\/p>\t\t\t\t\t\t\t\t<\/div>\n\t\t\t\t<\/div>\n\t\t\t\t<\/div>\n\t\t<div class=\"elementor-element elementor-element-f125c09 e-con-full e-flex e-con e-child\" data-id=\"f125c09\" data-element_type=\"container\">\n\t\t\t\t<div class=\"elementor-element elementor-element-63c942c elementor-widget__width-initial kontaktinfo elementor-widget elementor-widget-text-editor\" data-id=\"63c942c\" data-element_type=\"widget\" data-widget_type=\"text-editor.default\">\n\t\t\t\t<div class=\"elementor-widget-container\">\n\t\t\t\t\t\t\t\t\t<p><strong>Kancel\u00e1ria Spi\u0161sk\u00e1 Nov\u00e1 Ves<\/strong><\/p><p>URBAN advok\u00e1tska kancel\u00e1ria, s.r.o.<br \/>Odbor\u00e1rov 51, 052 01 Spi\u0161sk\u00e1 Nov\u00e1 Ves<br \/><span style=\"color: #ff0000;\"><span class=\"red-text\">t<\/span>\u00a0<\/span>\u00a0\u00a0\u00a0<span style=\"color: #999999;\"><a style=\"color: #999999;\" title=\"+421\u00a0907\u00a0764\u00a0932\" href=\"tel:+421907764932\">+421\u00a0907\u00a0764\u00a0932<\/a><\/span><br \/><span class=\"red-text\" style=\"color: #ff0000;\">e<\/span>\u00a0\u00a0\u00a0<span style=\"color: #999999;\"> <a style=\"color: #999999;\" title=\"d.urban@akurban.sk\" href=\"mailto:d.urban@akurban.sk\">d.urban@akurban.sk<\/a><\/span><\/p>\t\t\t\t\t\t\t\t<\/div>\n\t\t\t\t<\/div>\n\t\t\t\t<\/div>\n\t\t\t\t<\/div>\n\t\t\t\t<div class=\"elementor-element elementor-element-a923895 elementor-button-align-center elementor-widget elementor-widget-form\" data-id=\"a923895\" data-element_type=\"widget\" data-settings=\"{&quot;step_next_label&quot;:&quot;\\u010eal\\u0161ie&quot;,&quot;step_previous_label&quot;:&quot;Predo\\u0161l\\u00e9&quot;,&quot;button_width&quot;:&quot;100&quot;,&quot;step_type&quot;:&quot;number_text&quot;,&quot;step_icon_shape&quot;:&quot;circle&quot;}\" data-widget_type=\"form.default\">\n\t\t\t\t<div class=\"elementor-widget-container\">\n\t\t\t\t\t\t\t<form class=\"elementor-form\" method=\"post\" name=\"New Form\">\n\t\t\t<input type=\"hidden\" name=\"post_id\" value=\"113\"\/>\n\t\t\t<input type=\"hidden\" name=\"form_id\" value=\"a923895\"\/>\n\t\t\t<input type=\"hidden\" name=\"referer_title\" value=\"Kontakt\" \/>\n\n\t\t\t\t\t\t\t<input type=\"hidden\" name=\"queried_id\" value=\"113\"\/>\n\t\t\t\n\t\t\t<div class=\"elementor-form-fields-wrapper elementor-labels-\">\n\t\t\t\t\t\t\t\t<div class=\"elementor-field-type-text elementor-field-group elementor-column elementor-field-group-name elementor-col-50\">\n\t\t\t\t\t\t\t\t\t\t\t\t<label for=\"form-field-name\" class=\"elementor-field-label elementor-screen-only\">\n\t\t\t\t\t\t\t\tMeno\t\t\t\t\t\t\t<\/label>\n\t\t\t\t\t\t\t\t\t\t\t\t\t\t<input size=\"1\" type=\"text\" name=\"form_fields[name]\" id=\"form-field-name\" class=\"elementor-field elementor-size-sm  elementor-field-textual\" placeholder=\"Meno a priezvisko\">\n\t\t\t\t\t\t\t\t\t\t\t<\/div>\n\t\t\t\t\t\t\t\t<div class=\"elementor-field-type-email elementor-field-group elementor-column elementor-field-group-email elementor-col-50 elementor-field-required\">\n\t\t\t\t\t\t\t\t\t\t\t\t<label for=\"form-field-email\" class=\"elementor-field-label elementor-screen-only\">\n\t\t\t\t\t\t\t\tEmail\t\t\t\t\t\t\t<\/label>\n\t\t\t\t\t\t\t\t\t\t\t\t\t\t<input size=\"1\" type=\"email\" name=\"form_fields[email]\" id=\"form-field-email\" class=\"elementor-field elementor-size-sm  elementor-field-textual\" placeholder=\"Email\" required=\"required\">\n\t\t\t\t\t\t\t\t\t\t\t<\/div>\n\t\t\t\t\t\t\t\t<div class=\"elementor-field-type-textarea elementor-field-group elementor-column elementor-field-group-message elementor-col-100\">\n\t\t\t\t\t\t\t\t\t\t\t\t<label for=\"form-field-message\" class=\"elementor-field-label elementor-screen-only\">\n\t\t\t\t\t\t\t\tSpr\u00e1va\t\t\t\t\t\t\t<\/label>\n\t\t\t\t\t\t<textarea class=\"elementor-field-textual elementor-field  elementor-size-sm\" name=\"form_fields[message]\" id=\"form-field-message\" rows=\"4\" placeholder=\"Spr\u00e1va\"><\/textarea>\t\t\t\t<\/div>\n\t\t\t\t\t\t\t\t<div class=\"elementor-field-type-recaptcha_v3 elementor-field-group elementor-column elementor-field-group-field_8139314 elementor-col-100 recaptcha_v3-bottomleft\">\n\t\t\t\t\t<div class=\"elementor-field\" id=\"form-field-field_8139314\"><div class=\"elementor-g-recaptcha\" data-sitekey=\"6Lc8HEksAAAAAMrC0JDnN2gP03I5gIwXf9vH1M1-\" data-type=\"v3\" data-action=\"Form\" data-badge=\"bottomleft\" data-size=\"invisible\"><\/div><\/div>\t\t\t\t<\/div>\n\t\t\t\t\t\t\t\t<div class=\"elementor-field-group elementor-column elementor-field-type-submit elementor-col-100 e-form__buttons\">\n\t\t\t\t\t<button class=\"elementor-button elementor-size-sm elementor-animation-grow\" type=\"submit\">\n\t\t\t\t\t\t<span class=\"elementor-button-content-wrapper\">\n\t\t\t\t\t\t\t\t\t\t\t\t\t\t\t<span class=\"elementor-button-icon\">\n\t\t\t\t\t\t\t\t\t<i aria-hidden=\"true\" class=\"lnr lnr-arrow-right\"><\/i>\t\t\t\t\t\t\t\t\t\t\t\t\t\t\t\t\t<\/span>\n\t\t\t\t\t\t\t\t\t\t\t\t\t\t\t\t\t\t\t\t\t\t<span class=\"elementor-button-text\">Odosla\u0165<\/span>\n\t\t\t\t\t\t\t\t\t\t\t\t\t<\/span>\n\t\t\t\t\t<\/button>\n\t\t\t\t<\/div>\n\t\t\t<\/div>\n\t\t<\/form>\n\t\t\t\t\t\t<\/div>\n\t\t\t\t<\/div>\n\t\t\t\t\t<\/div>\n\t\t\t\t<\/div>\n\t\t<div class=\"elementor-element elementor-element-5b775f8 e-con-full e-flex e-con e-parent\" data-id=\"5b775f8\" data-element_type=\"container\">\n\t\t\t\t<div class=\"elementor-element elementor-element-bf39da0 elementor-widget elementor-widget-google_maps\" data-id=\"bf39da0\" data-element_type=\"widget\" data-widget_type=\"google_maps.default\">\n\t\t\t\t<div class=\"elementor-widget-container\">\n\t\t\t\t\t\t\t<div class=\"elementor-custom-embed\">\n\t\t\t<iframe loading=\"lazy\"\n\t\t\t\t\tsrc=\"https:\/\/maps.google.com\/maps?q=Uhrova%2018%2C%20831%2001%20Bratislava&#038;t=m&#038;z=14&#038;output=embed&#038;iwloc=near\"\n\t\t\t\t\ttitle=\"Uhrova 18, 831 01 Bratislava\"\n\t\t\t\t\taria-label=\"Uhrova 18, 831 01 Bratislava\"\n\t\t\t><\/iframe>\n\t\t<\/div>\n\t\t\t\t\t\t<\/div>\n\t\t\t\t<\/div>\n\t\t\t\t<\/div>\n\t\t\t\t<\/div>\n\t\t","protected":false},"excerpt":{"rendered":"<p>Kontakt Chcete sa n\u00e1s \u010doko\u013evek op\u00fdta\u0165 alebo m\u00e1te z\u00e1ujem o individu\u00e1lnu konzult\u00e1ciu? Nev\u00e1hajte sa n\u00e1m ozva\u0165. Radi si s vami dohodneme stretnutie v na\u0161ej advok\u00e1tskej kancel\u00e1rii v Bratislave, alebo Spi\u0161skej Novej Vsi. Kancel\u00e1ria Bratislava URBAN advok\u00e1tska kancel\u00e1ria, s.r.o.Uhrova 18, 831 01 Bratislavat\u00a0\u00a0\u00a0\u00a0+421\u00a0907\u00a0764\u00a0932e\u00a0\u00a0\u00a0\u00a0d.urban@akurban.sk Kancel\u00e1ria Spi\u0161sk\u00e1 Nov\u00e1 Ves URBAN advok\u00e1tska kancel\u00e1ria, s.r.o.Odbor\u00e1rov 51, 052 01 Spi\u0161sk\u00e1 Nov\u00e1 [&hellip;]<\/p>\n","protected":false},"author":1,"featured_media":0,"parent":0,"menu_order":0,"comment_status":"closed","ping_status":"closed","template":"elementor_header_footer","meta":{"footnotes":""},"class_list":["post-113","page","type-page","status-publish","hentry"],"_links":{"self":[{"href":"https:\/\/www.akurban.sk\/index.php\/wp-json\/wp\/v2\/pages\/113","targetHints":{"allow":["GET"]}}],"collection":[{"href":"https:\/\/www.akurban.sk\/index.php\/wp-json\/wp\/v2\/pages"}],"about":[{"href":"https:\/\/www.akurban.sk\/index.php\/wp-json\/wp\/v2\/types\/page"}],"author":[{"embeddable":true,"href":"https:\/\/www.akurban.sk\/index.php\/wp-json\/wp\/v2\/users\/1"}],"replies":[{"embeddable":true,"href":"https:\/\/www.akurban.sk\/index.php\/wp-json\/wp\/v2\/comments?post=113"}],"version-history":[{"count":61,"href":"https:\/\/www.akurban.sk\/index.php\/wp-json\/wp\/v2\/pages\/113\/revisions"}],"predecessor-version":[{"id":554,"href":"https:\/\/www.akurban.sk\/index.php\/wp-json\/wp\/v2\/pages\/113\/revisions\/554"}],"wp:attachment":[{"href":"https:\/\/www.akurban.sk\/index.php\/wp-json\/wp\/v2\/media?parent=113"}],"curies":[{"name":"wp","href":"https:\/\/api.w.org\/{rel}","templated":true}]}}